{"id":90,"date":"2011-10-11T07:19:55","date_gmt":"2011-10-11T07:19:55","guid":{"rendered":"http:\/\/www.antoniopaniagua.com\/prueba\/?page_id=90"},"modified":"2019-03-16T11:44:44","modified_gmt":"2019-03-16T11:44:44","slug":"colaboradores","status":"publish","type":"page","link":"https:\/\/www.antoniopaniagua.com\/?page_id=90","title":{"rendered":"Colaboradores"},"content":{"rendered":"<h3>ARQUITECTOS<\/h3>\n<p>Henar Gonz\u00e1lez Rodriguez (02.2014\/&#8230;)<br \/>\nDiana Miguel Sard\u00f3n (03.2009 \/02.2014)<br \/>\nPablo Rodr\u00edguez Bravo (07.2008 \/07.2012)<br \/>\nElena Marcos Trece\u00f1o (10.2006 \/ 05.2007)<br \/>\nTania L\u00f3pez Vicente (04.2004 \/ 09.2006)<br \/>\nOscar Herrero Pascual (04.2004 \/ 06.2005)<br \/>\nJos\u00e9 M\u00aa Jim\u00e9nez S\u00e1nchez (12.2002 \/ 12.2003)<br \/>\nEsperanza Sierra Gonz\u00e1lez (02.2000 \/ 12.2005)<br \/>\nSandra Villameriel Garc\u00eda (11.1998 \/ 03.1999)<br \/>\nMiguel Mart\u00ednez Monedero (09.1998 \/ 06.1999)<br \/>\nManuel Garc\u00eda Garc\u00eda (02.1995 \/ 09.1998)<\/p>\n<h3>DOCUMENTALISTA \/ INVESTIGACI\u00d3N<\/h3>\n<p>Teresa Cend\u00f3n Gonz\u00e1lez (01.1990 \/&#8230; )<br \/>\nLda. Historia del Arte y M\u00e1ster en Restauraci\u00f3n Arquitect\u00f3nica<\/p>\n<h3>ARQUITECTOS T\u00c9CNICOS<\/h3>\n<p>Alfonso Burgue\u00f1o Rioja<br \/>\nAlfonso Sancho Miguel<br \/>\nFrancisco Garc\u00eda de la Iglesia<br \/>\nBeatriz Rodr\u00edguez<br \/>\nJes\u00fas Mart\u00ednez<br \/>\nAnastasio Le\u00f3n de Agueda<br \/>\nJavier Cuesta<br \/>\nJuan Carlos Rodr\u00edguez<br \/>\nCarlos Montalvo<br \/>\nMariano Gonz\u00e1lez<br \/>\nAgust\u00edn Tinajas<br \/>\nBelisario Garc\u00eda<br \/>\nSantiago Hern\u00e1n<br \/>\nVicente Garc\u00eda Chico<\/p>\n<h3>ESTUDIANTES EN PR\u00c1CTICAS<\/h3>\n<p>Sandra Belloso P\u00e9rez (07.2018\/09.2018)<br \/>\n\u00c1ngela Dom\u00ednguez S\u00e1nchez (04.2018\/07.2018)<br \/>\nIn\u00e9s Paniagua Cend\u00f3n (07.2017\/09.2017)<br \/>\nSandra Borge Santiago (10.2014 \/ 12.2014)<br \/>\nMar\u00eda Aranda Alonso (07.2008 \/ 01.2009)<br \/>\nDiana Miguel Sard\u00f3n (02.2008 \/ 08.2008)<br \/>\nAbel Basurto Mart\u00edn (11.2008 \/ 04.2009)<br \/>\nPablo Izquierdo L\u00f3pez (07.2007 \/ 06.2008)<br \/>\nJorge Gonz\u00e1lez S\u00e1ez (07.2007 \/ 09.2007)<br \/>\nPablo Rodr\u00edguez Bravo (07.2006 \/ 01.2008)<br \/>\nEnrique P\u00e9rez Fern\u00e1ndez (07.2006 \/ 05.2007)<br \/>\nLourdes Pedrero \u00c1lvarez (02.2004 \/ 03.2004)<br \/>\nIv\u00e1n Ceballos Lia\u00f1o (11.2005 \/ 05.2006)<br \/>\nRaquel Cabrero Olmos (08.2005 \/ 09.2005)<br \/>\nDaniel Gonz\u00e1lez Tello (06.2003 \/ 01.2004)<br \/>\nOscar Herrero Pascual (09.2002 \/ 03.2003)<br \/>\nGuillermo Mateo Carde\u00f1osa (07.2001 \/ 03.2003)<br \/>\nJos\u00e9 M\u00aa Jim\u00e9nez S\u00e1nchez (07.2001 \/ 11.2002)<br \/>\nGema Sotero Castanedo (01.2000 \/ 06.2000)<br \/>\nEmilio Carre\u00f1o Garc\u00eda (01.2000 \/ 03.2000)<br \/>\nAlberto Jim\u00e9nez Garc\u00eda (10.1999 \/ 11.1999)<br \/>\nEsperanza Sierra Gonz\u00e1lez (05.1999 \/ 12.1999)<br \/>\nSandra Villameriel Garc\u00eda (08.1997 \/ 10.1998)<br \/>\n\u00c1ngel Gil Garc\u00eda (05.1996 \/ 06.1996)<br \/>\nJavier Mart\u00ednez Pacheco (10.1993 \/ 11.1993)<br \/>\nAna Llano Valle (10.1991 \/ 11.1991)<br \/>\nMarco A. Puente (10.1990 \/ 09.1994)<br \/>\nManuel Garc\u00eda Garc\u00eda (10.1990 \/ 03.1991)<br \/>\nArancha Paniagua Ozc\u00e1riz (04.1990 \/ 08.1990)<\/p>\n<h3>INGENIERIAS<\/h3>\n<p>Arbor sl<br \/>\nAgroindus sl<br \/>\nInaso 2000<br \/>\nNB 35 Ingenier\u00eda<br \/>\n\u00darculo Ingenieros<br \/>\nProtelva<br \/>\nTopoinca<\/p>\n<h3>FOT\u00d3GRAFOS<\/h3>\n<p>\u00c1ngel Marcos<br \/>\nRicardo Gonz\u00e1lez<br \/>\nDaniel D\u00edaz Font<br \/>\nRoland Halbe<br \/>\nImagen MAS<br \/>\nPedro Ramos<br \/>\nJuan C. Quind\u00f3s<\/p>\n","protected":false},"excerpt":{"rendered":"<p>ARQUITECTOS Henar Gonz\u00e1lez Rodriguez (02.2014\/&#8230;) Diana Miguel Sard\u00f3n (03.2009 \/02.2014) Pablo Rodr\u00edguez Bravo (07.2008 \/07.2012) Elena Marcos Trece\u00f1o (10.2006 \/ 05.2007) Tania L\u00f3pez Vicente (04.2004 \/ 09.2006) Oscar Herrero Pascual (04.2004 \/ 06.2005) Jos\u00e9 M\u00aa Jim\u00e9nez S\u00e1nchez (12.2002 \/ 12.2003) Esperanza Sierra Gonz\u00e1lez (02.2000 \/ 12.2005) Sandra Villameriel Garc\u00eda (11.1998 \/ 03.1999) Miguel Mart\u00ednez Monedero [&hellip;]<\/p>\n","protected":false},"author":1,"featured_media":1766,"parent":78,"menu_order":4,"comment_status":"closed","ping_status":"closed","template":"","meta":{"footnotes":""},"class_list":["post-90","page","type-page","status-publish","has-post-thumbnail","hentry"],"_links":{"self":[{"href":"https:\/\/www.antoniopaniagua.com\/index.php?rest_route=\/wp\/v2\/pages\/90","targetHints":{"allow":["GET"]}}],"collection":[{"href":"https:\/\/www.antoniopaniagua.com\/index.php?rest_route=\/wp\/v2\/pages"}],"about":[{"href":"https:\/\/www.antoniopaniagua.com\/index.php?rest_route=\/wp\/v2\/types\/page"}],"author":[{"embeddable":true,"href":"https:\/\/www.antoniopaniagua.com\/index.php?rest_route=\/wp\/v2\/users\/1"}],"replies":[{"embeddable":true,"href":"https:\/\/www.antoniopaniagua.com\/index.php?rest_route=%2Fwp%2Fv2%2Fcomments&post=90"}],"version-history":[{"count":26,"href":"https:\/\/www.antoniopaniagua.com\/index.php?rest_route=\/wp\/v2\/pages\/90\/revisions"}],"predecessor-version":[{"id":2463,"href":"https:\/\/www.antoniopaniagua.com\/index.php?rest_route=\/wp\/v2\/pages\/90\/revisions\/2463"}],"up":[{"embeddable":true,"href":"https:\/\/www.antoniopaniagua.com\/index.php?rest_route=\/wp\/v2\/pages\/78"}],"wp:featuredmedia":[{"embeddable":true,"href":"https:\/\/www.antoniopaniagua.com\/index.php?rest_route=\/wp\/v2\/media\/1766"}],"wp:attachment":[{"href":"https:\/\/www.antoniopaniagua.com\/index.php?rest_route=%2Fwp%2Fv2%2Fmedia&parent=90"}],"curies":[{"name":"wp","href":"https:\/\/api.w.org\/{rel}","templated":true}]}}